.
12
Suppose 616 = r + 3*r. Suppose 0*f = f - 35. Suppose 7 = 3*y - f. Calculate the greatest common factor of r and y.
14
Let r(a) = -a**2 + a + 10. Let o = -6 - -6. Let b be r(o). What is the greatest common divisor of b and 20?
10
Suppose -4 = -3*d + 8. What is the highest common divisor of 64 and d?
4
Let w be ((-1)/2)/((-1)/(-22)). Let j = -5 - w. Calculate the highest common factor of j and 48.
6
Let j(t) = 7*t**2 + t - 2. Let b be j(2). Calculate the highest common divisor of 4 and b.
4
Let o(u) = u**2 - 11*u - 12. Let v be o(-8). What is the highest common factor of v and 20?
20
Suppose 0 = 5*a + 4*d - 49 - 38, a - 27 = 4*d. Calculate the greatest common factor of 171 and a.
19
Let b be ((-15)/10)/((-2)/8). Let s be 2/(2 - b)*-4. Calculate the highest common factor of 8 and s.
2
Suppose 0 = r + 20 - 80. Calculate the highest common factor of 105 and r.
15
Suppose 5*g + 10 = 0, -2*k + 39 = g - 13. What is the highest common divisor of k and 18?
9
Suppose -563 = -5*b + 277. Calculate the greatest common factor of 24 and b.
24
Suppose 15*g + g = 704. Calculate the greatest common factor of g and 66.
22
Let r(a) = 7*a**2 + 1. Let c be r(-1). Let t(u) = -u**2 + 5*u - 4. Let d be t(3). What is the highest common factor of c and d?
2
Suppose w = 4*n - 4*w - 134, 3*w + 138 = 4*n. Let u = n + -23. Calculate the greatest common divisor of u and 13.
13
Let a be -2 - (1 + 655)/(-4). What is the highest common divisor of 18 and a?
18
Let b = -4 + 5. Calculate the greatest common factor of 1 and b.
1
Let y(a) = 2*a + 4. Let x(t) = t + 2. Let q(i) = 5*x(i) - 3*y(i). Let j be q(-8). What is the greatest common divisor of j and 48?
6
Let q = -114 - -159. Calculate the highest common divisor of 15 and q.
15
Suppose 0*s + 168 = 3*b - 4*s, 0 = -3*b + 3*s + 168. Calculate the highest common divisor of b and 7.
7
Let h(c) = -5*c - 47. Let s be h(-15). What is the highest common factor of s and 8?
4
Suppose 3*u + 10 = 3*c + 43, 0 = c + 5. Let g = u + -11. Let k = 8 + g. What is the greatest common factor of 33 and k?
3
Let k(x) be the third derivative of -11*x**4/4 + x**3/2 + 3*x**2. Let i be k(2). Let j = i + 184. Calculate the greatest common divisor of j and 5.
5
Suppose -5*v - 5*w = -0*w - 50, -2*w - 40 = -3*v. What is the greatest common factor of 24 and v?
12
Let j(l) = l**3 - 13*l**2 + 11*l + 17. Let v = 39 - 27. Let g be j(v). What is the highest common divisor of 5 and g?
5
Let w be 0 + 2/(-1) + 10. Let c be w/36 - (-70)/9. Calculate the greatest common factor of 20 and c.
4
Let i be 14 - (1 + (2 - 1)). Let j be ((-36)/(-42))/(2/42). What is the highest common divisor of i and j?
6
Let w be ((-5)/10)/((-2)/104). Let c be 0 - (w/(-2) - -1). What is the greatest common factor of 24 and c?
12
Suppose -3*d - d = 16. Let f be 112/18 - d/(-18). Suppose 0 = -2*j + f, h - 51 = -2*j + 4. Calculate the highest common divisor of 7 and h.
7
Let i(v) = v**3 - 3*v + 2. Let t be i(2). Suppose 3*j - 77 = -t*m, -3 - 82 = -4*m + 5*j. What is the highest common divisor of m and 5?
5
Let j(n) = 4*n**2 + 3*n - 1. Let c be j(-3). Suppose 3*u + 0*u - 15 = 0. Let f be 3/u*(-1 + c). Calculate the greatest common divisor of 15 and f.
15
Suppose -5*j = -2*j - 429. Let t(g) = -4*g + 1. Let v be t(-3). What is the greatest common divisor of j and v?
13
Let d be (28/(-12) + 2)/((-2)/210). What is the greatest common divisor of 70 and d?
35
Let i be 8/(2 - (-32)/(-18)). Suppose 24 = -2*y + 4*y. Calculate the highest common divisor of y and i.
12
Suppose 0*i + 20 = 5*i. Let k = 3 + -1. Suppose i*z - k*z - 8 = 0. Calculate the highest common divisor of 8 and z.
4
Let w(j) = 5*j + 10. Suppose -z + 0*z + 7 = 0. Let l be w(z). What is the greatest common divisor of l and 18?
9
Suppose -21 = -k - 5*b + 74, 0 = 4*k - 3*b - 288. Let h = 155 - k. Calculate the highest common divisor of h and 16.
16
Let z(c) = c**2 + 2*c - 3. Let w be z(-3). Suppose 36 = -w*r + r. Suppose -81*h + 79*h + 48 = 0. Calculate the greatest common factor of h and r.
12
Suppose -4*i + 120 = -0*i. Let f(l) = -3*l**3 + 3*l - 4. Let s be f(3). Let d = -31 - s. Calculate the highest common factor of i and d.
15
Suppose 4*n + 2 = 10. Suppose -12 - 2 = -n*m. Calculate the greatest common divisor of m and 49.
7
Suppose 15 = -z + 3*y, z = -z - 5*y - 41. Let n = z - -54. What is the highest common factor of n and 9?
9
Suppose 29 = 2*a - 3*c, -3*a - 2*c + 15 = -9. Let p = a - 6. Suppose 2*n - p = 6. Calculate the greatest common factor of n and 10.
5
Let g(o) = o. Let l be g(-4). Let i be (l - -4) + 0 + 30. Calculate the highest common divisor of i and 3.
3
Let l be (-4)/(-10) - 694/10. Let k = -4 - 41. Let x = k - l. Calculate the greatest common factor of x and 16.
8
Let j be ((-2)/(-4))/(4*(-3)/(-2304)). Calculate the greatest common factor of 32 and j.
32
Suppose -7*i + 84 = -140. Calculate the highest common divisor of i and 48.
16
Let u = 35 - 17. Suppose -121 + 396 = 3*g - 5*f, -4*g = 3*f - 357. Calculate the highest common factor of g and u.
18
Suppose r + 2*q - 16 = 0, q = -2*r + 3*q + 14. Calculate the greatest common divisor of 80 and r.
10
Let o be (-2 + 5)/((-3)/(-7)). What is the greatest common divisor of o and 21?
7
Let i(l) = -l + 13. Let n be i(0). Let c be ((-39)/12)/((-2)/40). What is the highest common divisor of c and n?
13
Suppose -108 - 66 = 3*q. Let m = q + 102. Let d(h) = 110*h**2 - 2*h - 2. Let g be d(-1). What is the highest common factor of g and m?
22
Let y(j) = 6*j**2 + 2*j - 4. Let n be y(4). What is the greatest common factor of 25 and n?
25
Let t be 0 - -11 - 0 - -1. Let d(l) = -7*l**3 - l + 2. Let s = -4 + 2. Let p be d(s). What is the greatest common divisor of t and p?
12
Suppose 1250 = -6*m + 11*m. What is the greatest common factor of m and 10?
10
Let l(v) = -v - 5*v**2 + 6*v**2 - 4*v - 7. Let m be l(6). Let t be (m - 5)/(1/(-8)). Calculate the highest common factor of t and 12.
12
Suppose 104 = 4*j - 4*n, 15 = 3*j - 2*n - 60. What is the highest common factor of j and 69?
23
Let u(g) = 9*g**2 + 3. Suppose 5*s + 4*j = -35, 5*j = -s + 2*j - 18. Let y be u(s). What is the highest common factor of y and 28?
28
Let m = -11 + 20. Let j(d) be the third derivative of 9*d**5/20 + d**4/24 + d**3/6 + 5*d**2. Let o be j(-1). Calculate the greatest common factor of m and o.
9
Let m be 21/14*-4*(-37)/6. What is the highest common factor of m and 333?
37
Let z(x) = -13*x + 1. Let b be z(1). Let t be b*9*-1 - 0. What is the highest common divisor of 12 and t?
12
Let k(o) be the second derivative of o**4/12 - 5*o**3/3 + 11*o**2/2 - 5*o. Let m be k(11). Calculate the highest common factor of 55 and m.
11
Let z = -56 - -68. What is the greatest common factor of z and 36?
12
Suppose -14 = -4*s - 2. Let y(o) = 4*o**3 + 3*o**2 - 2. Let w be y(s). Calculate the highest common factor of 19 and w.
19
Suppose 0 = -o + 5*o - 40. Let u(l) = 12*l - 14. Let r be u(7). Calculate the greatest common divisor of r and o.
10
Let a(y) = -7*y - 11. Let t be a(-13). What is the highest common divisor of t and 10?
10
Suppose -3*j + 94 = 5*v, 3*j + 81 + 5 = 4*v. Suppose 10 = -3*u - 5, 5*f + 3*u - 685 = 0. What is the highest common divisor of v and f?
20
Let v(m) = m + 5. Let l be v(0). Let g(j) = -j**2 - 13*j - 5. Let w be g(-8). What is the greatest common factor of l and w?
5
Suppose -4*u = -9*u + 20. Suppose u*v = -0*v + 48. What is the highest common divisor of v and 18?
6
Let n = 45 + 20. Calculate the highest common factor of n and 26.
13
Let l(u) = 2*u**3 - 21*u**2 - 10*u - 4. Let v be l(11). Calculate the highest common factor of v and 63.
7
Let c = -12 - -6. Let o be (6/4)/(c/(-16)). Suppose 0*x + 5 = 2*s - 5*x, o*x = -5*s + 62. What is the highest common divisor of 70 and s?
10
Let u(g) = 36*g - 3. Let l be u(2). Let c be ((-69)/9)/(-4 + (-55)/(-15)). What is the greatest common divisor of c and l?
23
Let n(i) be the second derivative of -i**3/3 - i. Let k be n(-6). Suppose x - 6 = -3*b + 138, 2*x + 3*b = 276. What is the greatest common divisor of x and k?
12
Let b(k) = k**3 + 17*k**2 + 15*k + 1. Let s be b(-16). Let j be 2 + (1 - -96) - 0. Let r = 167 - j. What is the highest common divisor of s and r?
17
Let f(s) = 5*s**2 + 6*s + 7. Let b be f(-5). Calculate the greatest common factor of 34 and b.
34
Let 